t f be 5/(-1 + 6) + 0/11. Calculate u(f).
10
Let k(y) = 61*y**2 + 65*y**2 + 46*y**2 - 156*y**2 - 1. What is k(1)?
15
Let b(l) = 9*l**2 - 17*l - 12. Let p(r) = 11*r**2 - 17*r - 12. Let q(o) = -6*b(o) + 5*p(o). Calculate q(-16).
-4
Let b(i) = i**2 - 24*i + 65. Let j be b(20). Let r be (-8)/20 - (66/j + 3). Let m(z) = z - 1. What is m(r)?
0
Let b = -6 + 10. Let l(h) be the second derivative of 2*h**3/3 - 5*h + 595. Give l(b).
16
Let z(a) = -4 + 2*a**2 - 5 - 11*a + 3 - 4*a**2. Calculate z(-7).
-27
Let m(q) = q. Let n(x) = 8 - 7 + 3*x - 2*x. Let k be n(-2). What is m(k)?
-1
Let a(t) = t**3 + 3*t**2 + t - 11. Let i(c) = -3*c**3 - 6*c**2 - 3*c + 25. Let h(d) = -5*a(d) - 2*i(d). What is h(4)?
25
Let d(p) be the first derivative of p - 1/4*p**4 + 20 - p**3 + 0*p**2. What is d(-3)?
1
Let k be -14 - (-2 + -2 + 1). Let q = k - -7. Let u(v) be the first derivative of 2*v**2 + 3*v - 2. Determine u(q).
-13
Let a be (2/(-6))/(3/(-99)). Suppose a*v - 4*v = 49. Let s(c) be the first derivative of -c**2/2 + 9*c - 1. Calculate s(v).
2
Let u(q) = -q**3 - 7*q**2 + 7*q - 6. Suppose -k = 13 - 5. Calculate u(k).
2
Suppose 10 = -894*c + 896*c. Let b(u) = -u**2 - u + 3. Let n be b(0). Let f(z) = z**3 - n*z**2 - 2 - 3 + 5*z - 3*z**2. What is f(c)?
-5
Let a = 33 - 29. Let m(c) = 0 + 2*c + a - c - 2. What is m(-3)?
-1
Suppose 4*w = -2*w - 48. Let f be 24/w + (1 - 1). Let a(d) = -d**3 - 4*d**2 - 3*d. Determine a(f).
0
Let r(l) = l + 2. Let d be r(6). Let o(v) = -v + 4 + 7 + 0 + 8. Determine o(d).
11
Let z(u) = -u**3 + 10*u**2 - 4*u - 10. Suppose 431 = 17*x + 278. Determine z(x).
35
Let w = -29 - -24. Let d(o) = 15*o**2 - 3*o - 7. Let i(l) = -7*l**2 + l + 3. Let s(h) = -6*d(h) - 13*i(h). Determine s(w).
3
Let n(y) = -y**2 - 8*y - 13. Let o be (-8)/1 + (5 - 2). What is n(o)?
2
Let v(c) = -c**3 + c**2 - c - 6. Suppose 9*i = 4*i - 80. Let o = 16 + i. Suppose -p = -o*p. Give v(p).
-6
Let g(d) = -d**2 + 13*d - 13. Let h be g(11). Let x = -14 + h. Let w(y) = -y**3 - 4*y**2 + 4*y - 1. Let u be w(x). Let t(z) = z - 3. Give t(u).
1
Let r(x) = -7*x + 2. Let d be 177/118*(-8)/6. What is r(d)?
16
Let o(z) be the first derivative of 5/2*z**2 + 1/3*z**3 + 4*z - 14. Calculate o(-3).
-2
Let o(q) be the second derivative of q**3/6 - 3*q**2/2 - q. Suppose -2*z - 9 = -59. Let r = -25 + z. What is o(r)?
-3
Let g(c) = -c**2 - 8*c - 9. Let w be g(-6). Suppose -4*i + w*s = 5*s - 16, 8 = -2*s. Let x(d) = -4 + 0*d + d**2 + 2 + i*d - 2*d. What is x(-4)?
-2
Let m(x) = -x + 43*x**3 - 85*x**3 - 1 + 34*x**3. Determine m(-1).
8
Suppose -3*f - 99 + 114 = 0. Let m(b) = 1 + 2*b - f*b + 2*b + 0. What is m(4)?
-3
Let x(t) = t**3 + 7*t**2 + 3*t. Let l be x(-4). Let p(n) = n - l + 14 + 15. Give p(-6).
-13
Let u = -89 - -94. Let j(h) = 9*h + 21. Let f(w) = -22*w - 52. Let s(m) = u*f(m) + 12*j(m). Let d be 3*((-1 - -2) + -3). Determine s(d).
4
Let l be (-27)/(-81) - 1/3. Let r(g) = -g**2 - 8. Calculate r(l).
-8
Let g(l) = -l + 2. Let b(r) = 5*r**3 + r. Let y be b(2). Let f = y - 36. Determine g(f).
-4
Suppose 3*r - 5*q = -24, 4*r = q - 4*q - 32. Let t(a) = a**2 + 5*a - 3. What is t(r)?
21
Let y(g) = -g**3 - 8*g**2 + 4*g + 20. Let c(z) = 9*z**3 + 2*z**2 - 2*z - 3. Let b be c(-1). Calculate y(b).
-12
Let b(s) = 6*s - 7 - 25*s**2 + 26*s**2 - 2*s. Let r be b(-5). Let j(z) = 3*z**2 + 1 + 0 + 0. Give j(r).
13
Let k(l) = -2*l - 3. Let a = -29 + 34. Calculate k(a).
-13
Let o(s) be the third derivative of 5*s**4/24 - 11*s**3/6 + 16*s**2 - 1. Give o(3).
4
Let o(r) = -r - 9. Let t be o(-12). Let g(p) = -t + 3 + 0*p**2 - 3*p - 6*p**2. What is g(-2)?
-18
Let v(r) = -3*r - 4. Suppose d + 2*d + 5*j = 30, 2*d - 20 = -4*j. Let g(u) = -2*u + 11. Let f be g(d). Let z = 5 + f. Give v(z).
8
Suppose 6*z - 7*z = -2*y + 6, -z - y = 6. Let g(m) = m. Determine g(z).
-6
Let p(o) be the second derivative of o**4/12 + o**3/6 - 2*o**2 - 220*o. Determine p(4).
16
Let z(r) = 6*r - 76. Let i be z(13). Let o(j) = -11*j. Calculate o(i).
-22
Let q(r) = r - 1. Let p be q(1). Let s = -1 + p. Let f(y) = 15*y - 1 + 7*y - 44*y + 12*y. Determine f(s).
9
Let l be (2 - (5 + -1)) + (-17 - -2). Let a = -16 - l. Let c(g) = 8*g**3 + g**2 + g - 1. Give c(a).
9
Let k(t) = -3*t + 5. Let b be k(9). Let y = b - -44. Let i(j) = y*j - 48*j + 29*j. Give i(-1).
-3
Let a(y) = -y**2 + 16*y + 7. Let k = 510 + -493. What is a(k)?
-10
Let w(h) = -h**2 - 9*h - 2. Let n be -12 + -1*(-28)/(-4) + 12. Give w(n).
12
Let u(x) be the second derivative of -x**4/12 - x**3 + 3*x**2 - x. Let n be (11/11)/(-1 - (2 + -2)). Let q be (12/(-3))/2 - (2 - n). Determine u(q).
11
Let g(s) = 4*s**2 - 1. Let r(a) = 2*a + 41 + 11*a + a**2 + 9*a. Let o be r(-20). What is g(o)?
3
Suppose 0 = -3*g + 5*u + 52, -8*g + 3*g + 2*u = -55. Let k = g - 8. Let q be 0 + (-1 - k) - 4. Let p(y) = y**3 + 6*y**2 - 1. What is p(q)?
-1
Let s(h) = -4*h + 5. Let q(b) be the first derivative of -7*b**2/2 + 9*b - 2. Let t(r) = 3*q(r) - 5*s(r). Determine t(-2).
4
Let s(z) = -3 + z**3 + 4 + 10*z**2 - 1 - 5 + 7*z. Give s(-9).
13
Let f(o) be the third derivative of -o**4/24 + 2*o**3 - 170*o**2. Determine f(7).
5
Let j = 13 + -7. Let g(t) = -t - 9. Let z(c) be the third derivative of -5*c**3/6 + 4*c**2. Let f(r) = 2*g(r) - 5*z(r). Determine f(j).
-5
Let v(c) = -2*c**2 + 53106 + 2*c + 6*c**2 - 53107. Give v(1).
5
Suppose -9 = 4*u - 57. Let r(y) = y**2 - 13*y + 12. Let m be r(u). Let f(t) = m - 2 - t + 1. Determine f(-7).
6
Let n = 2 + -2. Let c(o) = -o + 1. Let k(r) = 3*r - 14. Let f be 1 - -3*4/12. Let x(h) = f*c(h) + k(h). What is x(n)?
-12
Let g(d) = -41*d**3 + d**2 + d + 1. Suppose -1016*w + 13 = -1029*w. Calculate g(w).
42
Let n(z) = -15 + 5*z + 1 - 1. Let x(y) = -y - 1. Let w(b) = 2*b + 9. Let i(g) = w(g) + 4*x(g). Let f(v) = -8*i(v) - 3*n(v). Determine f(0).
5
Let u(p) = -3*p**3 + 7*p**2 - 3*p + 1. Let c(d) = 4*d**3 - 8*d**2 + 3*d - 2. Let x(b) = -2*c(b) - 3*u(b). Let m be ((-2)/(-6))/(10/90). What is x(m)?
-8
Let i(u) = 17*u**2 - 51*u**3 - 7 - 23*u**2 + 50*u**3 + 7*u. Give i(-7).
-7
Let n(l) = -l - 57. Let q(z) = -z - 29. Let g(v) = -3*n(v) + 5*q(v). What is g(12)?
2
Let g be ((-2)/(-18))/((-32)/(-72)). Let l(m) be the first derivative of 2 + g*m**4 + 1/3*m**3 + 2*m + 3/2*m**2. Determine l(-2).
-8
Suppose -18*z + 83 - 11 = 0. Let q(d) be the third derivative of -1/3*d**3 + 1/60*d**5 + 0*d + 0 + 1/24*d**z + d**2. What is q(0)?
-2
Let q(h) = -h**2 + 5*h + 1. Suppose 2*z = 2*r + 6, 2*z + r + 0*r = -3. Let k(b) = -2*b + 6. Let s be k(z). Determine q(s).
-5
Let h(x) = 7*x**2 - 7*x - 15. Let r(p) = 3*p**2 - 3*p - 8. Let z(w) = 2*h(w) - 5*r(w). Calculate z(3).
4
Suppose 17*c - 9*c - 448 = 0. Let h(s) = c*s - s**2 + 2 - 49*s - 1 + 0*s**2. What is h(7)?
1
Let h = -4513 + 4518. Let s be 5*(24/10)/3. Let d(u) = -u - s + 4 - 2. What is d(h)?
-7
Let l(q) be the third derivative of -q**5/60 + 7*q**4/24 - q**3 - 4*q**2. Give l(4).
6
Let r(h) be the third derivative of -h**5/60 + h**4/6 + 4*h**3/3 - 16*h**2 + 1. Calculate r(7).
-13
Let k = 227 - 232. Let g(r) = -2*r - 1. Give g(k).
9
Let b(t) = -6*t + 10. Let p(y) = y. Let f(d) = b(d) + 2*p(d). Let v be f(8). Let l be 3/9 + v/(-6). Let r(o) = o**3 - 5*o**2 + 5*o + 1. Give r(l).
5
Let u be (27/30)/((-15)/(-150)). Let q(w) = -w + 28. What is q(u)?
19
Let u(n) be the third derivative of -n**5/60 - n**4/24 + n**3/6 - n**2. Suppose -216 + 14 = -202*d. What is u(d)?
-1
Let w(h) = h**2 - 14*h + 24. Let x be w(2). Suppose 4*o - 30 = -0*o + 5*y, -10 = 5*y. Suppose x = -5*m + 10 + o. Let l(q) = 4*q + 2. Determine l(m).
14
Let m(f) = f**3 - 2*f**2 - 8*f + 3. Suppose -8*u + 13*u - 5*o - 40 = 0, u + 2*o + 1 = 0. What is m(u)?
38
Let q(v) = v**3 + 1. Let l(j) = 3*j + 1. Let f be l(-2). Let o = 80 + -82. Let p be f/o*(-4)/(-5). Calculate q(p).
9
Let u(a) = -a**2 - a + 1. Suppose 5*x - 4*x - 4*n + 16 = 0, 2*n = -3*x - 20. Let t be (1/(-2))/((-2)/x). Give u(t).
-1
Let s(g) = 13*g + 24. Let h(m) be the third derivative of m**4/6 + 4*m**3/3 - 2*m**2. Let f(v) = 7*h(v) - 2*s(v). Let x = 197 - 205. Give f(x).
-8
Let t be 13/5 + 45/(-75). Let v(w) = -10*w - 3. What is v(t)?
-23
Let l be (-129)/(-172)*(8*7)/2. Suppose 4*m - l + 5 = 0. Let p(v) = -v**2 + 3*v + 2. Calculate p(m).
-2
Let k = 213 + -207. Let n(h) = -2*h - 2. Determine n(k).
-14
Let f(b) = -b**3 + b**2 + 4*b + 4. Let q be f(3). Let o(g) be 